 + (10 - 22) - -16.
7
What is 8 - (-21 + 15 - (-28 - -3))?
-11
What is 2 + (-10 + 15 - (0 + 1))?
6
Evaluate -272 + 287 + 0 + -2 + 4 + -3.
14
What is the value of 2 - -13 - (-41 + 66)?
-10
397 + -373 - (18 - 1) - 4
3
What is 4 + -23 + 35 - 9?
7
Evaluate 77 + -68 - (5 - -1) - (9 - 0).
-6
0 + 9 - (-2 + 8) - (-6 - -5)
4
Calculate (-8 - 1) + (16 - 8) + 5 + -2.
2
What is (16 - 46) + (-1 - -14)?
-17
(-1 - 2) + 7 - (-127 - -134)
-3
Evaluate 140 + -135 - (-2 + 2 + 14).
-9
6 - (-9 + 9) - 12 - 25
-31
What is the value of (3 + 2 - 11) + 13 + 9?
16
Evaluate -5 + (8 - -5) + -11.
-3
Evaluate -15 - (4 + 3 - (-5 + 19)).
-8
(-6 - (-16 + 11)) + -30 + 15
-16
What is -12 - (-5 + -18 - (4 + -2))?
13
13 - (-25 + 15) - 9
14
Calculate -7 + (4 - (11 + -12) - (-2 + 17)).
-17
What is the value of -15 - (16 + -4 - 11)?
-16
What is (0 - (2 - 0)) + 1268 + -1272?
-6
-2 + 1 + (-9 - 9) + -1 + 13
-7
Calculate 2 - -3 - (-96 + 111).
-10
9 + 20 + -27 + -26
-24
Evaluate 11 + 16 + -11 + 10 - 12.
14
Calculate 4 - -7 - (20 + -9) - 0.
0
Evaluate 1 + 8 + (-25 + 25 - (-13 - 2)).
24
What is 9 + (-11 - (0 + -11)) + -12?
-3
Evaluate 13 + -2 - (-1 - -7).
5
Evaluate 19 + (0 - (3 - -21)).
-5
Evaluate -27 + (-3 - -18) + 29.
17
What is the value of (6 - 29) + (-3 + 9 - 6) + 7?
-16
Calculate 31 + -25 + 2 + -5 - (2 + -3).
4
12 - 11 - (2 + 0)
-1
-13 - (-44 + 51 + -41)
21
Calculate 9 - 7 - (-6 - -11) - -10.
7
What is the value of (-91 - -82) + (1 - (-3 - -3)) + -5?
-13
34 + -25 + -13 + 15
11
3 + 13 + (5 - 4) + -28
-11
What is -30 + 22 - (-14 - -4)?
2
What is the value of (1 - -6 - 2) + -2 - (711 - 696)?
-12
8 - (0 + -20 - (-54 - -46) - 3)
23
(-8 - -1) + -1 + 3 + 6
1
Calculate -268 + 280 + (7 - (1 + -2)).
20
What is 7 - ((93 - 110) + 0 + -2)?
26
What is -6 + (55 + -68 - (-1 - 1))?
-17
What is 0 + -2 + -8 - 2?
-12
What is -20 - -19 - ((-5 - (3 + -6)) + -3)?
4
Evaluate -30 - (8 + -37 + 14).
-15
-20 + 2 - (-46 + (-2 - -44))
-14
(17 - 2) + 305 + -304
16
What is the value of -1 + 1 - (-14 + (10 + -3 - 8))?
15
What is -7 + 5 + (-18 - -11) + 17 + 0?
8
What is the value of (24 - 25 - -1) + (0 - 6) - 23?
-29
What is -7 - -28 - (-10 - -21)?
10
9 + -7 + 14 + -12 + -2
2
4 + 1 + (-2 - -1) - (-36 + 32)
8
What is the value of -1 + 6 - (-2 - -2) - (1795 - 1800)?
10
What is (10 - (3 + 4)) + (-6 - -3)?
0
Evaluate (3 - 7) + (4 - 10) + 3.
-7
Calculate -21 + 11 - (-1 + 3).
-12
What is the value of 9 - (4 + -10 + (-11 - -8)) - 8?
10
Calculate (8 - (5 - -2)) + (16 - 31).
-14
Calculate -24 + 34 + (-16 - 5).
-11
(11 - (18 + -16)) + (-1 - -1)
9
Calculate 4 + (-14 - 0) + -11.
-21
Evaluate 8 - 28 - (27 - (16 + 4)).
-27
What is the value of (6 - 5) + (-3 + 1 - -2)?
1
Calculate -9 + 10 + 1 + 1 - 12.
-9
Calculate -47 - (-41 + 4) - (0 + -22).
12
What is the value of -6 + 1 + (-39 - -45) - (19 - 6)?
-12
What is 29 + (-2 - -1 - 52)?
-24
Calculate (9 - ((-8 - -20) + -28)) + 11.
36
Evaluate -55 - -66 - (-2 + 4 + 31).
-22
What is the value of -10 + (2 - (4 + -12)) + 1 - 11?
-10
Calculate (-2 - 0) + (4 - ((-4 - 0) + 0)).
6
What is 32 + (-4 - -2) - 13?
17
Evaluate -1 - (7 + (8 - 5)) - (84 + -67).
-28
(9 - -2) + (-14 - -4)
1
What is -2 + (-4 - -11) - (-40 + 17 - -14)?
14
What is the value of 1 + -1 + (37 - 18) + -11?
8
What is -756 + 748 - (-1 + (1 - 2))?
-6
Evaluate -11 + 8 + -3 + -1 + 0 + -2.
-9
What is the value of (6 + 2 - 1) + -17 + 1?
-9
What is -35 + 13 + 15 + -13?
-20
What is the value of 1 + -9 + (6 + 11 - 24)?
-15
What is the value of -233 + 220 - (-2 - 5)?
-6
Evaluate (-37 - -11) + (-18 - -27).
-17
Evaluate (1 - 10 - -2) + 11 + -6.
-2
Evaluate (-1 - -39) + (-339 - -273).
-28
What is 0 - 5 - (-13 + (-16 - -16) + 14)?
-6
Evaluate (4 - 0 - (5 - 8 - -13)) + 8.
2
What is the value of -21 - (4 - (5 - -17))?
-3
(-14 - 5 - -10) + -20
-29
Evaluate 7 - (7 - 11 - -11).
0
Evaluate -7 - (2 + 8 - (-17 - -24)) - -41.
31
10 - ((6 - -7) + -12 - -11)
-2
What is the value of 0 - (11 + (-5 - 9))?
3
What is the value of 4 + 1 + -1 - ((46 - 17) + -22)?
-3
What is the value of (-4 + 6 - -2) + 12?
16
What is the value of (4 - 12) + (45 - (-4 - -18))?
23
Evaluate 2 + (-1 - (-2 - -4 - -9)).
-10
What is 5 + 0 - ((-5 - -5) + 7) - -1?
-1
Calculate 6 + -2 + 3 - (-3 + 28).
-18
What is -8 + 7 + -2 - (18 + -5 + -5)?
-11
Evaluate -16 + -1 - (12 - 41).
12
What is (29 - 2) + (18 + -27 + 12 - 11)?
19
Calculate 2 - 9 - (16 + -26 + (23 - 2)).
-18
What is the value of -1 + 1 + -6 + 14?
8
Evaluate 20 + 1 - (-9 + -1 + 21).
10
-27 - (-37 - (-17 + 24))
17
Evaluate (-14 - (1 - (-4 - -5))) + -66 + 63.
-17
Evaluate (17 - (-17 + 51)) + 51.
34
Calculate 16 - (9 + 14 + -8) - 11.
-10
What is -4 - -2 - ((-13 - -2) + 0 + 3)?
6
What is 3 + 1 + (45 - 39)?
10
Calculate (12 - (48 + -36)) + -30 + 2 + 0.
-28
What is the value of -8 + (5 - -3) + (-3 - -8) + -13?
-8
What is the value of (0 - 8) + (45 - 37) - (1 + 10)?
-11
Calculate 11 + -14 - (-9 + (9 - 4) + -20).
21
Evaluate -26 - (25 + -24 - 32).
5
3 - (1 + -1 + 0) - (-92 - -86)
9
Calculate 5 + -8 + (77 - 63).
11
What is 9 + -18 + (9 - (3 - -8) - -2)?
-9
Evaluate (-12 + 9 - (6 + -2)) + 9 + -8.
-6
What is (11 - 6) + 1 + (-2 - -3 - 0)?
7
What is -29 + (-19 - -34 - -4)?
-10
What is the value of 3 + 0 - 2 - (78 + (-35 - 8))?
-34
What is the value of -8 - -14 - 9 - (-2 - -1)?
-2
What is the value of 3 - (2 + 9 + 0 + -5 - 4)?
1
Evaluate -1 + (3 - (33 - 30 - (-1 + -1))).
-3
What is 18 + ((8 - (8 - 2)) + 5 - 7)?
18
Evaluate 9 - (4 + (-3 - (-4 - 2))).
2
Calculate (8 - (6 - (28 + -7 - 9))) + -2.
12
What is -1 + (39 - 22) - 2?
14
Evaluate 14 - (-34 + 21 - -13).
14
What is -2 + 7 - (-8 + -3 + -9) - 8?
17
What is the value of 4 - ((-6 - -2) + 7) - -4?
5
What is -26 + 5 - (-24 + 15)?
-12
What is -1 + 2 + (1 - -12 - (15 + -11))?
10
What is the value of 3 - 0 - (1 + (9 - (-4 + -1)))?
-12
Calculate 357 - 330 - (2 - 1).
26
What is (-5 - -13 - 2 - (3 + -2)) + 1?
6
What is the value of (39 + -24 - 13) + (-1 - 15)?
-14
Calculate (0 - 10) + 6 - 13 - -8.
-9
Evaluate -31 + 32 - (-2 + (7 - (0 - 0))).
-4
Calculate (27 - 3 - -3) + (-22 - (-8 + -14)).
27
-9 + -15 + 14 + (-4 - 3) + 1
-16
Calculate (-28 - 2) + 12 + -7 + -12.
-37
12 - (8 + -4) - (1 - 11 - 1)
19
What is the value of -19 + (-37 + 42 - -46)?
32
Calculate 14 + -9 - ((-6 - 0) + (-14 - -9)).
16
Calculate -9 - -23 - 22 - (2 + 5).
-15
Calculate (19 - (28 - -11)) + 1 + 7 + -1.
-13
Evaluate 1 - (10 - (8 - (0 + -2 + 9))).
-8
What is -13 + 12 - (5 + (0 - 1) - 5)?
0
Evaluate (6 + -13 - (-17 + 0)) + -22.
-12
What is -10 + 0 + -2 + 13 + -7 - -6?
0
What is the value of 26 + (-2 - 3) + -16?
5
What is -3 + (-1 + 2 - (-92 + 91))?
-1
What is (-8 - (-2 + 4 + -22 + 18)) + 1?
-5
Evaluate -6 + 60 + -64 + 0 + 12.
2
Calculate 1 + (7 - 1) + (-4 - 0 - 14).
-11
Evaluate (0 - -5 - -1) + -29 + -9 + 24.
-8
Evaluate 4 + -3 - -3 - (-10 - (-10 + 6)).
10
Evaluate -10 - (13 + -10 + -13).
0
What is the value of -24 + 32 + 3 - 1?
10
Calculate -25 + (31 - -16 - 23).
-1
Evaluate -34 - -24 - (-8 - -2 - -7).
-11
(-11 - (-2 - -1)) + (-28 + 79 - 35)
6
What is the value of -7 - (6 - (-4 + (-2 - -9)))?
-10
Evaluate 27 - 30 - -1 - (-7 + 2).
3
Evaluate (-18 - 1 - -14) + 14.
9
Calculate 38 - (69 - 44) - -15.
28
Calculate 9 + 0 + -19 + 22 + 2 + 0.
14
What is 0 + -13 + 6 + 16 - 0?
9
What is (-6 + 28 - 46) + 16?
-8
Evaluate 5 - (-1 + -5 + (31 - 49 - -25)).
4
Calculate (13 - -6) + -17 + 10.
12
Evaluate -1 + (13 - -1) - (-2744 - -2748).
9
Calculate 26 - ((4 - 0) + -9 + 7).
24
What is the value of 2 + (13 - -1) - (-40 - -37)?
19
What is the value of -57 + (60 - 25) + 7 + -1?
-16
(-8 - -36) + (155 - 204)
-21
Calculate (21 - 9) + 14 - (8 + 2).
16
What is the value of (1 - 1) + 8 + -16 + -19 + 31?
4
What is the value of 30 - 1 - (794 - 771)?
6
What is the value of 17 - (-5 + 20 + 6)?
-4
(18 - 0 - 15) + -14
-11
-4 + (1 - 2) + -50 + 65 - 8
2
What is -4 + (6 - (11 - 9 - -3)) - -31?
28
What is the value of -99 + 109 - (0 + 3 + 9)?
-2
Evaluate -12 + (-4 - -7) - (-15 + 6 + 0).
0
(13 - 5 - (-1 + 9)) + -1 + -6
-7
Evaluate 84 - (20 + 60) - (1 + 8 + 0).
-5
What is 0 + -25 + (-1 + 11 - 4) + 2?
-17
4 - (-1 - (8 - 7) - -11)
-5
What is the value of -3 + 5 - (-1 - -4 - 4)?
3
What is -4 - 2 - ((-8 - -22) + 2)?
-22
Calculate (4 - 8) + (0 - ((-5 - -4) + -4)).
1
Evaluate -39 - 5 - -51 - (0 + -1).
8
Evaluate -19 + (31 - -1) + -22.
-9
Evaluate 16 - (-13 + 20) - -11.
20
(-30